lculate the greatest common divisor of g and 15228.
162
Let b = -63 - -15. Let q be (b/32)/(2/4). Let f be q/(-4 + (-55)/(-15)). What is the highest common factor of 18 and f?
9
Let k = 28 + -28. Suppose k = -s + o - 864, -2*s - 6*o = -3*o + 1733. Let i be (-4)/(-10) + s/(-25). Calculate the highest common factor of 5 and i.
5
Let m(j) = -32*j - 44. Let b be m(9). Let s = -277 - b. Calculate the highest common divisor of s and 10.
5
Let c be 588/(-15)*(87 + -92). What is the greatest common factor of 4802 and c?
98
Let u = -311 - -539. Suppose -u = -6*w + 1014. Calculate the highest common factor of 9 and w.
9
Let v = 41 + -31. Let l be (-25 - 0)/((-61)/v + 6). Calculate the greatest common divisor of 100 and l.
50
Let k(a) = 13*a + 506. Let w be k(-38). What is the highest common divisor of 174 and w?
6
Let x = -3 - -12. Suppose 15*p - 583 = 2. What is the highest common divisor of x and p?
3
Suppose -3*d - 11*c + 437 = -9*c, 2*d - 3*c - 300 = 0. Calculate the highest common divisor of d and 4.
1
Let w be (-5)/(-1) + (2 + -1 - 0). Suppose w*y - 131 = 3*y + r, -3*y + 111 = 3*r. What is the highest common factor of y and 21?
21
Suppose -103*o = -124*o + 273. Calculate the highest common divisor of 533 and o.
13
Let g(s) = 38*s - 99. Let t be g(5). Let f(h) = -h**2 - 6*h + 2. Let q be f(-5). Calculate the highest common divisor of q and t.
7
Let i = 5098 - 3761. Calculate the greatest common divisor of i and 7.
7
Suppose 2*s - 5*q - 1330 = 0, 5*s - 1585 = 2*q + 1719. Suppose -14*z = -2*z - s. Calculate the highest common divisor of 275 and z.
55
Let g = 7658 - 5698. What is the highest common factor of 160 and g?
40
Suppose 18 = 28*o - 91 + 53. Let j be ((-42)/8)/((-3)/8). What is the greatest common factor of j and o?
2
Suppose -5*v + 42 = -3*v. Let l = -9 - -48. Let s = l - 25. Calculate the highest common divisor of v and s.
7
Let f be 3*-1*(-1 + (-121)/(-3)). Let r = f + 82. Let a = r + 56. Calculate the greatest common factor of 220 and a.
20
Let f(g) = -2*g**3 + 3*g**2 + 99*g + 8. Let r be f(6). Calculate the greatest common factor of r and 4.
2
Let o be (13 - (20 + -6)) + 183. Calculate the greatest common factor of 21 and o.
7
Let z(y) be the first derivative of -3*y**4/4 + 3*y**3 + 3*y - 67. Let u be z(3). Calculate the greatest common factor of u and 21.
3
Let a(p) = -p**3 + 9*p**2 + 4*p - 14. Let r be a(9). Let j = 15 - r. Let q be (-21)/j + (-1 - 1) - -3. Calculate the highest common factor of q and 32.
4
Suppose -3*a = -2*t + 21, 21 = -43*t + 46*t - a. Suppose -2*q + 160 = t*c, 4*q - c + 309 = 8*q. What is the greatest common factor of 231 and q?
77
Let g = 2012 - 1984. Suppose -91 - 9 = -5*a. Suppose 0 = 7*b - 2*b - a. What is the highest common divisor of g and b?
4
Let t = -201 - -116. Let k = t - -393. Suppose 4*j + 4 = 0, -2*j = -3*q + q + k. Calculate the greatest common factor of q and 9.
9
Let r(c) = 13*c + 299. Let u be r(-22). Calculate the highest common divisor of 3 and u.
1
Suppose t - 99 = 3*w, 3*w - 19 - 92 = -t. Let v be 18 - 23 - (-11 + 1 + -1) - -24. Calculate the highest common divisor of v and t.
15
Suppose 23 = 7*k - 159. Suppose 20*b = k*b - 2784. Calculate the greatest common divisor of 29 and b.
29
Suppose -2*f - 3*v = -4, 4*f - f = 5*v + 25. Let k be 21/(f/(-2) + 3). Suppose -45*p + 6 = -k*p. What is the highest common factor of 14 and p?
2
Suppose 3 = r + 4*a, -5*a - 29 + 10 = -2*r. Suppose 6*j - 35 = j. What is the greatest common divisor of j and r?
7
Let m = 351 + -351. Suppose m = -3*g - u + 2022, -2*g - 5*u - 907 = -2242. What is the highest common divisor of 25 and g?
25
Let n(o) = -485*o - 5330. Let p be n(-11). Let w = -57 - -102. Calculate the highest common divisor of w and p.
5
Let d be -3*(6 + (-555)/20 + (-5)/4). Calculate the greatest common factor of d and 2829.
69
Let k = -79 - -130. Suppose 4*v = k + 1. Suppose 0 = 2*m + 2*m + 2*n - 34, -m + n + v = 0. What is the highest common factor of 25 and m?
5
Let w = 49 + -47. Suppose -w*r = -9 - 39. Let x = 44 - r. What is the highest common divisor of x and 30?
10
Suppose p = 8, 2*p + 1820 = 266*i - 263*i. What is the highest common factor of 1088 and i?
68
Let f be 106/3 + 4/6. Let k(s) = s**3 - 20*s**2 + 26*s - 1. Let b be k(19). Calculate the highest common divisor of b and f.
12
Let q = 555 - 554. Let i = 8 + -6. Let h be (-7 - -5)*(-1)/i. Calculate the highest common divisor of q and h.
1
Suppose 3*d - 15 = 0, 3*z + d - 111517 + 9563 = 0. Calculate the highest common factor of 34 and z.
17
Suppose 119 = -10*r - 550 + 3169. Calculate the highest common divisor of r and 160.
10
Let f be 4/5 - 2/(-10). Suppose -t + 5 = -h - 25, -4*t - 4*h + 136 = 0. Let j be t/4*((-6)/2)/(-24). Calculate the highest common factor of j and f.
1
Suppose -23*y = -20*y - 6. Suppose 5*u - y*u = 0. Suppose -b = -2*a + 205, u = 4*a + 5*b - 620 + 175. Calculate the greatest common divisor of 42 and a.
21
Let d(i) = 3*i**2 - 8*i - 22. Let g be d(-5). Suppose -2*a - 3 = -g. Calculate the greatest common factor of a and 5.
5
Let r(b) = b**2 - 8*b + 7. Suppose 5*t = 55 - 15. Let u be r(t). Calculate the highest common factor of u and 126.
7
Let m(u) = 15 + 15 - 71*u - 66 + 24. Let l be m(-8). Suppose -4*n = 36 - l. What is the greatest common factor of n and 10?
10
Let x(n) = n**2 + 7*n - 27. Let l = 221 - 217. Let g be x(l). Let o be 1/((-2 + 3)/17). What is the greatest common divisor of g and o?
17
Suppose 401 + 7 = 21*v - 96. Suppose 3*b - 2*b - 8 = 0. What is the greatest common factor of v and b?
8
Suppose 6 = -2*y - 110. Let i = y - -59. Let j be 202*(2 - i) + -4. Calculate the greatest common divisor of j and 18.
18
Let u be (-1)/((21/14)/((-6)/(-4))). Let h(q) = -164*q + 6. Let x be h(u). What is the greatest common divisor of 68 and x?
34
Let y be 3 + ((-16)/(-5 - -1) - 4). Suppose -5*f = -0*c + y*c - 142, -f - 112 = -3*c. Calculate the greatest common divisor of c and 52.
13
Let d(s) = -10*s - 17. Let h be d(-2). Let u be h*(-2 + 1) - -1*91. Let t be u/(4 - (-35)/(-10)). Calculate the highest common divisor of 16 and t.
16
Let y = 155 - -165. Suppose -5*d = -4*d. Suppose 8*k - 6*k - 80 = d. What is the highest common divisor of k and y?
40
Let q(a) = -a**2 + 16*a - 6. Let v be q(12). Suppose 0 = 5*h - 8 + 3, 2*b + 2*h = 44. What is the highest common divisor of b and v?
21
Let d = -15106 + 15834. What is the highest common divisor of d and 104?
104
Suppose u - 97*j + 100*j - 93 = 0, -5*j = -u + 53. What is the greatest common divisor of 9243 and u?
39
Let f(m) = -114*m**3 - 5*m**2 - 42*m - 91. Let b be f(-5). Calculate the greatest common divisor of 12 and b.
12
Let x = 462 + 628. Let i = 1600 - x. Calculate the highest common factor of i and 30.
30
Let h = -2573 - -4139. What is the greatest common divisor of 72 and h?
18
Let c = -628 + 683. Suppose -15 = -3*b, -5*d + 6*b = 3*b - c. Suppose 742 - 14 = 4*x. What is the highest common divisor of x and d?
14
Let s = -8 + 12. Suppose -2*y - s*j = -148, 5*j = y - 6*y + 385. What is the highest common factor of 5 and y?
5
Let r be ((-99)/15 - -6)*4230/(-6 - -3). What is the greatest common divisor of 36 and r?
18
Suppose 10*x - 25 = 5. Suppose 12*u - 13*u = 2*c - 101, -x*c = 3*u - 288. Calculate the greatest common factor of 7 and u.
7
Suppose 42*k + 4*i = 39*k + 728, -748 = -3*k + i. Calculate the greatest common factor of 1054 and k.
62
Let f = 33 + -21. Suppose f = h - 9. Suppose 20*g + 108 = h*g. What is the highest common divisor of g and 12?
12
Let m = -1 + 4. Let h be 14 + (-1 - m - -2). Let t = -7377 + 7461. What is the highest common factor of h and t?
12
Suppose -2*m + 5*y = 3*y - 46, -2*y + 92 = 4*m. Suppose 0 = -j + 15 + m. Let u be (-6)/18 - ((-232)/3)/4. Calculate the highest common factor of j and u.
19
Let q(o) = -7*o**3 - 10*o + 1648. Let a be q(0). What is the highest common factor of 1133 and a?
103
Let n be (-586054)/(-328) + 2/3 + (-136)/96. Calculate the greatest common factor of 38 and n.
38
Suppose 0 = -4*u + 221 + 39. Let w = u + 30. Let a be 6/3*(0 - (-114)/12). Calculate the greatest common factor of a and w.
19
Suppose 0 = -2*p + 4*a + 926, -5*a = 9*p - 12*p + 1395. Calculate the greatest common divisor of p and 1615.
95
Let c(j) = -j - 26. Let r be c(-2). Let b = r + 102. Calculate th